te the greatest common factor of 1668 and 848039.
139
Calculate the highest common divisor of 1 and 13457.
1
What is the highest common divisor of 210446 and 834?
278
What is the greatest common divisor of 376 and 93389?
47
Calculate the highest common divisor of 27472 and 1207.
17
Calculate the highest common divisor of 70 and 105480.
10
Calculate the greatest common divisor of 279 and 26319.
93
Calculate the highest common divisor of 3307021 and 103.
103
Calculate the highest common divisor of 42513 and 4366.
37
What is the greatest common divisor of 94314 and 11?
11
Calculate the greatest common divisor of 1414 and 756.
14
What is the greatest common divisor of 68056 and 905?
181
Calculate the highest common divisor of 37161 and 297.
9
Calculate the greatest common divisor of 1432281 and 3912.
489
What is the highest common factor of 435 and 21150?
15
Calculate the greatest common factor of 93 and 14793.
3
Calculate the greatest common divisor of 520 and 306280.
520
What is the greatest common factor of 97825 and 245?
35
Calculate the greatest common factor of 260 and 132470.
130
Calculate the highest common divisor of 1890237 and 86.
43
What is the highest common divisor of 539 and 2057?
11
Calculate the greatest common factor of 846657 and 1335.
267
What is the greatest common divisor of 225112 and 152?
152
Calculate the greatest common divisor of 57577 and 1677.
559
Calculate the greatest common factor of 1192818 and 159.
159
What is the highest common factor of 2450 and 800?
50
What is the greatest common divisor of 30554 and 10?
2
What is the greatest common divisor of 16504 and 16?
8
What is the greatest common factor of 726508 and 116?
116
What is the greatest common factor of 477 and 590049?
477
What is the greatest common divisor of 1829 and 5133?
59
Calculate the greatest common factor of 481 and 300625.
481
What is the highest common divisor of 5206 and 342?
38
Calculate the highest common factor of 15822 and 14.
2
What is the greatest common divisor of 12732 and 132?
12
What is the highest common factor of 9997 and 52?
13
What is the highest common divisor of 561 and 27159?
33
What is the greatest common factor of 538 and 134?
2
Calculate the greatest common factor of 2550 and 2618.
34
Calculate the greatest common divisor of 663 and 49803.
39
Calculate the greatest common factor of 168 and 1570632.
168
Calculate the highest common divisor of 28388 and 1661.
151
Calculate the highest common factor of 131 and 366407.
131
Calculate the highest common divisor of 97144 and 2.
2
Calculate the highest common factor of 51 and 66351.
51
Calculate the greatest common divisor of 17674 and 2.
2
What is the highest common factor of 2343 and 517?
11
What is the highest common divisor of 8601820 and 40?
20
Calculate the greatest common divisor of 864 and 81.
27
Calculate the highest common divisor of 195 and 1915.
5
What is the greatest common factor of 23223 and 96?
3
What is the highest common divisor of 87026 and 318?
106
What is the highest common divisor of 873 and 4462?
97
What is the highest common factor of 7803 and 2727?
27
Calculate the highest common divisor of 3231977 and 5815.
1163
What is the highest common divisor of 24 and 551388?
12
What is the greatest common divisor of 162 and 96147?
81
What is the greatest common divisor of 12 and 494436?
12
What is the highest common divisor of 14237 and 112039?
619
Calculate the greatest common divisor of 22748 and 51788.
484
Calculate the highest common divisor of 152 and 44156.
76
What is the highest common factor of 354682 and 74?
74
Calculate the greatest common factor of 256680 and 480.
120
What is the greatest common divisor of 2280 and 46056?
456
Calculate the highest common divisor of 195 and 2886.
39
Calculate the greatest common divisor of 165 and 123035.
55
Calculate the greatest common factor of 11850 and 132450.
150
Calculate the greatest common factor of 23985 and 267930.
585
What is the highest common factor of 76277 and 249?
83
Calculate the greatest common divisor of 428 and 129042.
214
Calculate the highest common divisor of 902 and 33538.
82
Calculate the greatest common factor of 22 and 218134.
2
What is the greatest common divisor of 605 and 61600?
55
What is the highest common factor of 155 and 66991?
31
Calculate the highest common factor of 470 and 3040.
10
Calculate the highest common divisor of 56 and 773808.
56
Calculate the highest common divisor of 1055 and 130187.
211
What is the highest common divisor of 8247248 and 184?
184
What is the highest common factor of 6336 and 297?
99
What is the highest common factor of 1864 and 11416?
8
Calculate the greatest common divisor of 24984 and 54.
18
What is the highest common factor of 8483 and 1087321?
499
What is the greatest common divisor of 710 and 81930?
10
Calculate the highest common factor of 2865152 and 1399.
1399
Calculate the highest common divisor of 642825 and 30.
15
What is the greatest common divisor of 4 and 1360484?
4
What is the greatest common factor of 430338 and 102?
102
Calculate the greatest common factor of 3091 and 390871.
281
What is the highest common divisor of 54016 and 1408?
128
What is the greatest common factor of 2977744 and 448?
112
Calculate the highest common divisor of 4378614 and 47.
47
What is the highest common divisor of 359093 and 301?
301
What is the highest common divisor of 624 and 103116?
156
What is the greatest common divisor of 342 and 30267?
171
Calculate the greatest common factor of 9189 and 18.
9
What is the greatest common factor of 1056 and 78408?
264
What is the greatest common factor of 312 and 7344?
24
What is the greatest common divisor of 2870 and 1834?
14
Calculate the highest common factor of 113 and 3722446.
113
What is the highest common divisor of 27 and 1124658?
27
Calculate the highest common factor of 250575 and 17550.
975
Calculate the greatest common divisor of 234 and 180180.
234
What is the greatest common factor of 990016 and 499?
499
Calculate the highest common factor of 39 and 12714.
39
What is the greatest common factor of 11692773 and 603?
603
Calculate the highest common divisor of 218 and 277950.
218
Calculate the greatest common factor of 1233 and 4140.
9
Calculate the highest common divisor of 4965 and 735.
15
What is the highest common divisor of 2700 and 21564?
36
What is the highest common divisor of 75591 and 8325?
333
What is the greatest common factor of 3072 and 25056?
96
What is the highest common factor of 2509 and 1092?
13
What is the highest common divisor of 2425 and 290903?
97
Calculate the greatest common divisor of 1116 and 432.
36
Calculate the greatest common factor of 16 and 307920.
16
What is the highest common factor of 6179730 and 30?
30
What is the highest common factor of 12309 and 264?
33
Calculate the highest common divisor of 53 and 576799.
53
Calculate the highest common factor of 28 and 588343.
7
What is the greatest common divisor of 140 and 5012?
28
Calculate the greatest common divisor of 46376 and 1023.
341
What is the highest common factor of 217 and 4151?
7
What is the greatest common divisor of 51389 and 6097?
871
What is the greatest common factor of 860 and 19522?
86
What is the greatest common divisor of 218 and 514?
2
What is the greatest common divisor of 423 and 822077?
47
What is the greatest common divisor of 104058 and 152233?
1927
Calculate the highest common divisor of 60700 and 25250.
50
Calculate the highest common divisor of 12 and 3571284.
12
Calculate the greatest common divisor of 230 and 279841.
23
What is the greatest common factor of 30 and 1009180?
10
Calculate the highest common factor of 5088 and 228.
12
What is the highest common factor of 456 and 1571224?
152
Calculate the greatest common factor of 245837 and 34.
17
What is the greatest common factor of 9828 and 69552?
756
Calculate the greatest common factor of 11520 and 150.
30
What is the greatest common divisor of 7281 and 10683?
9
What is the greatest common divisor of 207733 and 129?
43
Calculate the highest common divisor of 21417 and 469227.
1947
Calculate the greatest common divisor of 4864594 and 329.
329
What is the greatest common factor of 3312 and 224?
16
Calculate the highest common divisor of 360 and 123156